{"id":7330,"date":"2024-02-07T13:00:35","date_gmt":"2024-02-07T13:00:35","guid":{"rendered":"https:\/\/www.zelazkow.pl\/?page_id=7330"},"modified":"2024-02-15T13:53:16","modified_gmt":"2024-02-15T13:53:16","slug":"akcyza","status":"publish","type":"page","link":"https:\/\/www.zelazkow.pl\/?page_id=7330","title":{"rendered":"Akcyza"},"content":{"rendered":"\t\t<div data-elementor-type=\"wp-page\" data-elementor-id=\"7330\" class=\"elementor elementor-7330\">\n\t\t\t\t\t\t\t\t\t<section class=\"elementor-section elementor-top-section elementor-element elementor-element-3e9dfd7a elementor-section-boxed elementor-section-height-default elementor-section-height-default\" data-id=\"3e9dfd7a\" data-element_type=\"section\" data-settings=\"{&quot;jet_parallax_layout_list&quot;:[]}\">\n\t\t\t\t\t\t<div class=\"elementor-container elementor-column-gap-default\">\n\t\t\t\t\t<div class=\"elementor-column elementor-col-100 elementor-top-column elementor-element elementor-element-31a8f1a\" data-id=\"31a8f1a\" data-element_type=\"column\">\n\t\t\t<div class=\"elementor-widget-wrap elementor-element-populated\">\n\t\t\t\t\t\t\t\t<div class=\"elementor-element elementor-element-40046076 elementor-widget elementor-widget-text-editor\" data-id=\"40046076\" data-element_type=\"widget\" data-widget_type=\"text-editor.default\">\n\t\t\t\t<div class=\"elementor-widget-container\">\n\t\t\t<style>\/*! elementor - v3.18.0 - 20-12-2023 *\/\n.elementor-widget-text-editor.elementor-drop-cap-view-stacked .elementor-drop-cap{background-color:#69727d;color:#fff}.elementor-widget-text-editor.elementor-drop-cap-view-framed .elementor-drop-cap{color:#69727d;border:3px solid;background-color:transparent}.elementor-widget-text-editor:not(.elementor-drop-cap-view-default) .elementor-drop-cap{margin-top:8px}.elementor-widget-text-editor:not(.elementor-drop-cap-view-default) .elementor-drop-cap-letter{width:1em;height:1em}.elementor-widget-text-editor .elementor-drop-cap{float:left;text-align:center;line-height:1;font-size:50px}.elementor-widget-text-editor .elementor-drop-cap-letter{display:inline-block}<\/style>\t\t\t\t<p><strong>Uwaga!<\/strong><br \/>Obowi\u0105zuje nowy wz\u00f3r wniosku:<\/p><p>Wniosek wraz z potrzebn\u0105 dokumentacj\u0105: <a href=\"https:\/\/www.zelazkow.pl\/wp-content\/uploads\/2024\/02\/akcyza_pelna_2024_.pdf\">pobierz<\/a><\/p><p>Obowi\u0105zuje jedna stawka zwrotu podatku akcyzowego od paliwa rolniczego i wynosi 1,46 z\u0142 na 1 litr oleju nap\u0119dowego dla wszystkich producent\u00f3w rolnych.<\/p><p>Ka\u017cdy rolnik, kt\u00f3ry chce odzyska\u0107 w I naborze wniosk\u00f3w cz\u0119\u015b\u0107 koszt\u00f3w zakupu oleju nap\u0119dowego wykorzystanego do produkcji rolnej powinien gromadzi\u0107 faktury VAT dokumentuj\u0105ce zakup oleju nap\u0119dowego:<\/p><ul><li>w terminie od 1 sierpnia 2023 r. do 31 stycznia 2024 r. &#8211; jako za\u0142\u0105czniki do wniosku o zwrot podatku przys\u0142uguj\u0105cego w 2024 r. (limit na 2024 r. wynosi 110 l\/1 ha UR i 40 l\/1 DJP byd\u0142a, owiec, k\u00f3z i koni oraz 4 l\/1 szt. \u015bwi\u0144 );<\/li><\/ul><p>W I terminie sk\u0142adania wniosk\u00f3w (1-29 lutego 2024 r.) stawka zwrotu podatku wynosi:<\/p><ul><li>1,46 z\u0142[1]\/ 1 litr zakupionego oleju nap\u0119dowego w okresie od 1 sierpnia 2023 r. do 31 stycznia 2024 r. &#8211; do wysoko\u015bci limitu na u\u017cytki rolne i utrzymywane byd\u0142o;<\/li><li>1,46 z\u0142[2]\/ 1 litr zakupionego oleju nap\u0119dowego w okresie od 1 sierpnia 2023 r. do 31 stycznia 2024 r. &#8211; do wysoko\u015bci limitu wynikaj\u0105cego z faktur zakupu oleju nap\u0119dowego w okresie od 1 sierpnia 2023 r. do 31 stycznia 2024 r. &#8211; na utrzymywane \u015bwinie owce, kozy i konie.<\/li><\/ul><p>Dotacje b\u0119d\u0105 wyp\u0142acane w terminie<strong> 2 &#8211; 30 kwietnia 2024 r. <\/strong>przelewem na rachunek bankowy podany we wniosku.<\/p><p>[1] Dla du\u017cych przedsi\u0119biorstw rolnych stawka zwrotu podatku wynosi, 1,46 z\u0142\/1 litr ON<br \/>[2] Dla du\u017cych przedsi\u0119biorstw rolnych stawka zwrotu podatku wynosi, 1,46 z\u0142\/1 litr ON<\/p><p>Procedura sk\u0142adania wniosk\u00f3w: <a href=\"https:\/\/www.gov.pl\/attachment\/5d1b0a04-5da0-41ba-9af4-6575937644c5\">pobierz<\/a><\/p>\t\t\t\t\t\t<\/div>\n\t\t\t\t<\/div>\n\t\t\t\t\t<\/div>\n\t\t<\/div>\n\t\t\t\t\t\t\t<\/div>\n\t\t<\/section>\n\t\t\t\t\t\t\t<\/div>\n\t\t","protected":false},"excerpt":{"rendered":"<p>Uwaga!Obowi\u0105zuje nowy wz\u00f3r wniosku: Wniosek wraz z potrzebn\u0105 dokumentacj\u0105: pobierz Obowi\u0105zuje jedna stawka zwrotu podatku akcyzowego od paliwa rolniczego i wynosi 1,46 z\u0142 na 1 litr oleju nap\u0119dowego dla wszystkich producent\u00f3w rolnych. Ka\u017cdy rolnik, kt\u00f3ry chce odzyska\u0107 w I naborze wniosk\u00f3w cz\u0119\u015b\u0107 koszt\u00f3w zakupu oleju nap\u0119dowego wykorzystanego do produkcji rolnej powinien gromadzi\u0107 faktury VAT dokumentuj\u0105ce [&hellip;]<\/p>\n","protected":false},"author":6,"featured_media":0,"parent":0,"menu_order":0,"comment_status":"closed","ping_status":"closed","template":"","meta":{"footnotes":""},"folder":[],"_links":{"self":[{"href":"https:\/\/www.zelazkow.pl\/index.php?rest_route=\/wp\/v2\/pages\/7330"}],"collection":[{"href":"https:\/\/www.zelazkow.pl\/index.php?rest_route=\/wp\/v2\/pages"}],"about":[{"href":"https:\/\/www.zelazkow.pl\/index.php?rest_route=\/wp\/v2\/types\/page"}],"author":[{"embeddable":true,"href":"https:\/\/www.zelazkow.pl\/index.php?rest_route=\/wp\/v2\/users\/6"}],"replies":[{"embeddable":true,"href":"https:\/\/www.zelazkow.pl\/index.php?rest_route=%2Fwp%2Fv2%2Fcomments&post=7330"}],"version-history":[{"count":19,"href":"https:\/\/www.zelazkow.pl\/index.php?rest_route=\/wp\/v2\/pages\/7330\/revisions"}],"predecessor-version":[{"id":7385,"href":"https:\/\/www.zelazkow.pl\/index.php?rest_route=\/wp\/v2\/pages\/7330\/revisions\/7385"}],"wp:attachment":[{"href":"https:\/\/www.zelazkow.pl\/index.php?rest_route=%2Fwp%2Fv2%2Fmedia&parent=7330"}],"wp:term":[{"taxonomy":"folder","embeddable":true,"href":"https:\/\/www.zelazkow.pl\/index.php?rest_route=%2Fwp%2Fv2%2Ffolder&post=7330"}],"curies":[{"name":"wp","href":"https:\/\/api.w.org\/{rel}","templated":true}]}}