{"id":6282,"date":"2024-01-15T08:08:07","date_gmt":"2024-01-15T08:08:07","guid":{"rendered":"https:\/\/www.zelazkow.pl\/?page_id=6282"},"modified":"2024-02-26T11:04:49","modified_gmt":"2024-02-26T11:04:49","slug":"sport-i-turystyka","status":"publish","type":"page","link":"https:\/\/www.zelazkow.pl\/?page_id=6282","title":{"rendered":"Turystyka"},"content":{"rendered":"\t\t<div data-elementor-type=\"wp-page\" data-elementor-id=\"6282\" class=\"elementor elementor-6282\">\n\t\t\t\t\t\t\t\t\t<section class=\"elementor-section elementor-top-section elementor-element elementor-element-a5c8028 elementor-section-boxed elementor-section-height-default elementor-section-height-default\" data-id=\"a5c8028\" data-element_type=\"section\" data-settings=\"{&quot;jet_parallax_layout_list&quot;:[]}\">\n\t\t\t\t\t\t<div class=\"elementor-container elementor-column-gap-default\">\n\t\t\t\t\t<div class=\"elementor-column elementor-col-100 elementor-top-column elementor-element elementor-element-34afddf\" data-id=\"34afddf\" data-element_type=\"column\">\n\t\t\t<div class=\"elementor-widget-wrap elementor-element-populated\">\n\t\t\t\t\t\t\t\t<div class=\"elementor-element elementor-element-1569048 elementor-widget__width-initial elementor-widget elementor-widget-text-editor\" data-id=\"1569048\" data-element_type=\"widget\" data-widget_type=\"text-editor.default\">\n\t\t\t\t<div class=\"elementor-widget-container\">\n\t\t\t<style>\/*! elementor - v3.18.0 - 20-12-2023 *\/\n.elementor-widget-text-editor.elementor-drop-cap-view-stacked .elementor-drop-cap{background-color:#69727d;color:#fff}.elementor-widget-text-editor.elementor-drop-cap-view-framed .elementor-drop-cap{color:#69727d;border:3px solid;background-color:transparent}.elementor-widget-text-editor:not(.elementor-drop-cap-view-default) .elementor-drop-cap{margin-top:8px}.elementor-widget-text-editor:not(.elementor-drop-cap-view-default) .elementor-drop-cap-letter{width:1em;height:1em}.elementor-widget-text-editor .elementor-drop-cap{float:left;text-align:center;line-height:1;font-size:50px}.elementor-widget-text-editor .elementor-drop-cap-letter{display:inline-block}<\/style>\t\t\t\t<h4><center>Atrakcje turystyczne Gminy \u017belazk\u00f3w &#8211; zabytkowy budynek Urz\u0119du Gminy<\/h4>\n&nbsp;\t\t\t\t\t\t<\/div>\n\t\t\t\t<\/div>\n\t\t\t\t<div class=\"elementor-element elementor-element-7ea5d65 elementor-widget elementor-widget-video\" data-id=\"7ea5d65\" data-element_type=\"widget\" data-settings=\"{&quot;youtube_url&quot;:&quot;https:\\\/\\\/youtu.be\\\/npOS0ml0_mw&quot;,&quot;video_type&quot;:&quot;youtube&quot;,&quot;controls&quot;:&quot;yes&quot;}\" data-widget_type=\"video.default\">\n\t\t\t\t<div class=\"elementor-widget-container\">\n\t\t\t<style>\/*! elementor - v3.18.0 - 20-12-2023 *\/\n.elementor-widget-video .elementor-widget-container{overflow:hidden;transform:translateZ(0)}.elementor-widget-video .elementor-wrapper{aspect-ratio:var(--video-aspect-ratio)}.elementor-widget-video .elementor-wrapper iframe,.elementor-widget-video .elementor-wrapper video{height:100%;width:100%;display:flex;border:none;background-color:#000}@supports not (aspect-ratio:1\/1){.elementor-widget-video .elementor-wrapper{position:relative;overflow:hidden;height:0;padding-bottom:calc(100% \/ var(--video-aspect-ratio))}.elementor-widget-video .elementor-wrapper iframe,.elementor-widget-video .elementor-wrapper video{position:absolute;top:0;right:0;bottom:0;left:0}}.elementor-widget-video .elementor-open-inline .elementor-custom-embed-image-overlay{position:absolute;top:0;right:0;bottom:0;left:0;background-size:cover;background-position:50%}.elementor-widget-video .elementor-custom-embed-image-overlay{cursor:pointer;text-align:center}.elementor-widget-video .elementor-custom-embed-image-overlay:hover .elementor-custom-embed-play i{opacity:1}.elementor-widget-video .elementor-custom-embed-image-overlay img{display:block;width:100%;aspect-ratio:var(--video-aspect-ratio);-o-object-fit:cover;object-fit:cover;-o-object-position:center center;object-position:center center}@supports not (aspect-ratio:1\/1){.elementor-widget-video .elementor-custom-embed-image-overlay{position:relative;overflow:hidden;height:0;padding-bottom:calc(100% \/ var(--video-aspect-ratio))}.elementor-widget-video .elementor-custom-embed-image-overlay img{position:absolute;top:0;right:0;bottom:0;left:0}}.elementor-widget-video .e-hosted-video .elementor-video{-o-object-fit:cover;object-fit:cover}.e-con-inner>.elementor-widget-video,.e-con>.elementor-widget-video{width:var(--container-widget-width);--flex-grow:var(--container-widget-flex-grow)}<\/style>\t\t<div class=\"elementor-wrapper elementor-open-inline\">\n\t\t\t<div class=\"elementor-video\"><\/div>\t\t<\/div>\n\t\t\t\t<\/div>\n\t\t\t\t<\/div>\n\t\t\t\t<div class=\"elementor-element elementor-element-2624ea4 elementor-widget elementor-widget-text-editor\" data-id=\"2624ea4\" data-element_type=\"widget\" data-widget_type=\"text-editor.default\">\n\t\t\t\t<div class=\"elementor-widget-container\">\n\t\t\t\t\t\t\t<p>Do najcenniejszych obiekt\u00f3w zabytkowych znajduj\u0105cych si\u0119 dzisiaj w \u017belazkowie bez w\u0105tpienia nale\u017cy zesp\u00f3\u0142 dworski wzniesiony w 2 po\u0142owie XVIII w. dla \u00f3wczesnych w\u0142a\u015bcicieli wsi \u2013 Radoli\u0144skich. Sk\u0142ada\u0142 si\u0119 on z pi\u0119ciu zasadniczych cz\u0119\u015bci: dworu z dziedzi\u0144cem, parku, dw\u00f3ch podw\u00f3rzy gospodarczych z budynkami folwarcznymi oraz kolonii mieszkalnej.\u00a0<\/p><p>Dw\u00f3r powsta\u0142 w 2 po\u0142owie XVIII w., w latach 1796-1798 zosta\u0142 cz\u0119\u015bciowo przebudowany wed\u0142ug projekt\u00f3w opracowanych przez znanego architekta warszawskiego, Fryderyka Alberta Lessela. Ca\u0142o\u015b\u0107 za\u0142o\u017cenia cechuje si\u0119 symetryczn\u0105 organizacj\u0105 z osi\u0105 przechodz\u0105c\u0105 przez park, dw\u00f3r i bram\u0119 wjazdow\u0105. Dw\u00f3r zwr\u00f3cony na wsch\u00f3d fasad\u0105 frontow\u0105 jest budynkiem parterowym z pi\u0119trem w mansardzie. Zbudowano go na planie prostok\u0105ta i zaopatrzono w czterokolumnowe ganki umieszczone na osi obu fasad. Na pi\u0119trze, nad gankami, znajduj\u0105 si\u0119 klasycystyczne wystawki z tr\u00f3jk\u0105tnym frontonem w szczycie \u2013 frontowa z trzema oknami i balkonem, a ogrodowa z pojedynczym oknem balkonowym w p\u0142ytkiej niszy. Dach mansardowy kryty dach\u00f3wk\u0105. W latach 1974-1979 przeprowadzono gruntowny jego remont. Obecnie mie\u015bci si\u0119 w nim siedziba urz\u0119du gminy. Rozplanowanie wn\u0119trza dworu tak\u017ce odznacza\u0142o si\u0119 symetri\u0105. Na parterze, na osi, znajdowa\u0142y si\u0119: sie\u0144 i salon otwarty na ogr\u00f3d, za\u015b po bokach umieszczone by\u0142y pokoje w uk\u0142adzie trzytraktowym. W naro\u017cniku p\u00f3\u0142nocno-wschodnim znajdowa\u0142a si\u0119 niegdy\u015b kaplica dworska ze \u015bcianami wy\u0142o\u017conymi marmoryzowan\u0105, stiukow\u0105 ok\u0142adzin\u0105, zwie\u0144czon\u0105 klasycystycznym gzymsem. Naro\u017cnik po\u0142udniowo-wschodni mie\u015bci\u0142 skarbczyk i sklepiony by\u0142 kolebkowo z lunetami. Na pi\u0119trze, od strony ogrodu, tak\u017ce na osi budynku, zlokalizowano reprezentacyjn\u0105 sal\u0119 z owaln\u0105 nisz\u0105 uj\u0119t\u0105 parami jo\u0144skich kolumn, a w \u015bcianie wschodniej umieszczono \u2013 w niszy \u2013 herb Radoli\u0144skich &#8211; \u201cLeszczyc\u201d.\u00a0<\/p><p>\u017ar\u00f3d\u0142o: <a href=\"http:\/\/www.parki.org.pl\/parki-dworskie-i-przypalacowe\/krajobrazowy-park-dworski-w-zelazkowie\">http:\/\/www.parki.org.pl\/parki-dworskie-i-przypalacowe\/krajobrazowy-park-dworski-w-zelazkowie<\/a><\/p><p>\u00a0<\/p>\t\t\t\t\t\t<\/div>\n\t\t\t\t<\/div>\n\t\t\t\t<div class=\"elementor-element elementor-element-0b035fa elementor-widget elementor-widget-heading\" data-id=\"0b035fa\" data-element_type=\"widget\" data-widget_type=\"heading.default\">\n\t\t\t\t<div class=\"elementor-widget-container\">\n\t\t\t<style>\/*! elementor - v3.18.0 - 20-12-2023 *\/\n.elementor-heading-title{padding:0;margin:0;line-height:1}.elementor-widget-heading .elementor-heading-title[class*=elementor-size-]>a{color:inherit;font-size:inherit;line-height:inherit}.elementor-widget-heading .elementor-heading-title.elementor-size-small{font-size:15px}.elementor-widget-heading .elementor-heading-title.elementor-size-medium{font-size:19px}.elementor-widget-heading .elementor-heading-title.elementor-size-large{font-size:29px}.elementor-widget-heading .elementor-heading-title.elementor-size-xl{font-size:39px}.elementor-widget-heading .elementor-heading-title.elementor-size-xxl{font-size:59px}<\/style><h2 class=\"elementor-heading-title elementor-size-default\">Turystyka<\/h2>\t\t<\/div>\n\t\t\t\t<\/div>\n\t\t\t\t<div class=\"elementor-element elementor-element-13bb009 elementor-widget elementor-widget-text-editor\" data-id=\"13bb009\" data-element_type=\"widget\" data-widget_type=\"text-editor.default\">\n\t\t\t\t<div class=\"elementor-widget-container\">\n\t\t\t\t\t\t\t<p>Przez obszar gminy przbiegaj\u0105 szlaki turystyczne:<\/p><p>&#8211; Szlak \u017c\u00f3\u0142ty o d\u0142ugo\u015bci 8,8 km biegnie z Winiar przez Ro\u017cd\u017ca\u0142y do P\u00f3lka<\/p><p>&#8211; Bursztynowy Szlak Rowerowy (tablica informacyjna w Russowie przy drodze powiatowej nr 4595P)<\/p><p>&#8211; Szlakiem D\u0119b\u00f3w i Paproci \u2013 szlak czerwony p\u00f3\u0142nocny (85 km)<\/p><p>Liczne obiekty zabytkowe po\u0142o\u017cone na terenie gminy oraz dworek Marii D\u0105browskiej w Russowie, kt\u00f3ry jest licznie odwiedzany przez turyst\u00f3w przyjezdnych (oko\u0142o 10 000 os\u00f3b rocznie).<\/p><p>Na terenie gminy mie\u015bci si\u0119 \u0142\u0105cznie\u00a05 park\u00f3w wpisanych do Pa\u0144stwowego Rejestru Zabytk\u00f3w (D\u0119be, Russ\u00f3w, Zbor\u00f3w) oraz Ewidencji Wojew\u00f3dzkiego Konserwatora Zabytk\u00f3w (Biernatki, Bork\u00f3w Stary, Kolonia Kokanin, Z\u0142otniki Ma\u0142e i Wielkie, \u017belazk\u00f3w), a tak\u017ce parki o charakterze park\u00f3w wiejskich we wsiach Jank\u00f3w i Skarszew. Wi\u0119ksze kompleksy le\u015bne przydatne dla turystyki i rekreacji s\u0105 po\u0142o\u017cone w miejscowo\u015bciach Z\u0142otniki Wielkie, Florentyna i Skarszew.<\/p><p>Przez teren gminy rozci\u0105ga si\u0119 obszar krajobrazu chronionego &#8220;Doliny Rzeki Sw\u0119drni&#8221;. Jest to wyj\u0105tkowo cenny obiekt o znaczeniu nie tylko przyrodniczym ale tak\u017ce turystycznym. Dolina, kt\u00f3ra\u00a0powsta\u0142a w okresie zlodowacenia \u015brodkowo-polskiego,\u00a0prezentuje unikatowe w skali kraju walory naturalnego krajobrazu. Wyst\u0119puje tu 714 gatunk\u00f3w ro\u015blin w tym 19 chronionych oraz liczne stanowiska ptak\u00f3w.<\/p><p>\u00a0<\/p>\t\t\t\t\t\t<\/div>\n\t\t\t\t<\/div>\n\t\t\t\t<div class=\"elementor-element elementor-element-061467d elementor-widget elementor-widget-text-editor\" data-id=\"061467d\" data-element_type=\"widget\" data-widget_type=\"text-editor.default\">\n\t\t\t\t<div class=\"elementor-widget-container\">\n\t\t\t\t\t\t\t\t\t\t\t\t\t<\/div>\n\t\t\t\t<\/div>\n\t\t\t\t\t<\/div>\n\t\t<\/div>\n\t\t\t\t\t\t\t<\/div>\n\t\t<\/section>\n\t\t\t\t\t\t\t<\/div>\n\t\t","protected":false},"excerpt":{"rendered":"<p>Atrakcje turystyczne Gminy \u017belazk\u00f3w &#8211; zabytkowy budynek Urz\u0119du Gminy &nbsp;https:\/\/youtu.be\/npOS0ml0_mw Do najcenniejszych obiekt\u00f3w zabytkowych znajduj\u0105cych si\u0119 dzisiaj w \u017belazkowie bez w\u0105tpienia nale\u017cy zesp\u00f3\u0142 dworski wzniesiony w 2 po\u0142owie XVIII w. dla \u00f3wczesnych w\u0142a\u015bcicieli wsi \u2013 Radoli\u0144skich. Sk\u0142ada\u0142 si\u0119 on z pi\u0119ciu zasadniczych cz\u0119\u015bci: dworu z dziedzi\u0144cem, parku, dw\u00f3ch podw\u00f3rzy gospodarczych z budynkami folwarcznymi oraz kolonii [&hellip;]<\/p>\n","protected":false},"author":8,"featured_media":0,"parent":0,"menu_order":0,"comment_status":"closed","ping_status":"closed","template":"","meta":{"footnotes":""},"folder":[],"_links":{"self":[{"href":"https:\/\/www.zelazkow.pl\/index.php?rest_route=\/wp\/v2\/pages\/6282"}],"collection":[{"href":"https:\/\/www.zelazkow.pl\/index.php?rest_route=\/wp\/v2\/pages"}],"about":[{"href":"https:\/\/www.zelazkow.pl\/index.php?rest_route=\/wp\/v2\/types\/page"}],"author":[{"embeddable":true,"href":"https:\/\/www.zelazkow.pl\/index.php?rest_route=\/wp\/v2\/users\/8"}],"replies":[{"embeddable":true,"href":"https:\/\/www.zelazkow.pl\/index.php?rest_route=%2Fwp%2Fv2%2Fcomments&post=6282"}],"version-history":[{"count":41,"href":"https:\/\/www.zelazkow.pl\/index.php?rest_route=\/wp\/v2\/pages\/6282\/revisions"}],"predecessor-version":[{"id":7612,"href":"https:\/\/www.zelazkow.pl\/index.php?rest_route=\/wp\/v2\/pages\/6282\/revisions\/7612"}],"wp:attachment":[{"href":"https:\/\/www.zelazkow.pl\/index.php?rest_route=%2Fwp%2Fv2%2Fmedia&parent=6282"}],"wp:term":[{"taxonomy":"folder","embeddable":true,"href":"https:\/\/www.zelazkow.pl\/index.php?rest_route=%2Fwp%2Fv2%2Ffolder&post=6282"}],"curies":[{"name":"wp","href":"https:\/\/api.w.org\/{rel}","templated":true}]}}

<div data-elementor-type="wp-page" data-elementor-id="6282" class="elementor elementor-6282">
									<section class="elementor-section elementor-top-section elementor-element elementor-element-a5c8028 elementor-section-boxed elementor-section-height-default elementor-section-height-default" data-id="a5c8028" data-element_type="section" data-settings="{&quot;jet_parallax_layout_list&quot;:[]}">
						<div class="elementor-container elementor-column-gap-default">
					<div class="elementor-column elementor-col-100 elementor-top-column elementor-element elementor-element-34afddf" data-id="34afddf" data-element_type="column">
			<div class="elementor-widget-wrap elementor-element-populated">
								<div class="elementor-element elementor-element-1569048 elementor-widget__width-initial elementor-widget elementor-widget-text-editor" data-id="1569048" data-element_type="widget" data-widget_type="text-editor.default">
				<div class="elementor-widget-container">
			<style>/*! elementor - v3.18.0 - 20-12-2023 */
.elementor-widget-text-editor.elementor-drop-cap-view-stacked .elementor-drop-cap{background-color:#69727d;color:#fff}.elementor-widget-text-editor.elementor-drop-cap-view-framed .elementor-drop-cap{color:#69727d;border:3px solid;background-color:transparent}.elementor-widget-text-editor:not(.elementor-drop-cap-view-default) .elementor-drop-cap{margin-top:8px}.elementor-widget-text-editor:not(.elementor-drop-cap-view-default) .elementor-drop-cap-letter{width:1em;height:1em}.elementor-widget-text-editor .elementor-drop-cap{float:left;text-align:center;line-height:1;font-size:50px}.elementor-widget-text-editor .elementor-drop-cap-letter{display:inline-block}</style>				<h4><center>Atrakcje turystyczne Gminy Żelazków &#8211; zabytkowy budynek Urzędu Gminy</h4>
&nbsp;						</div>
				</div>
				<div class="elementor-element elementor-element-7ea5d65 elementor-widget elementor-widget-video" data-id="7ea5d65" data-element_type="widget" data-settings="{&quot;youtube_url&quot;:&quot;https:\/\/youtu.be\/npOS0ml0_mw&quot;,&quot;video_type&quot;:&quot;youtube&quot;,&quot;controls&quot;:&quot;yes&quot;}" data-widget_type="video.default">
				<div class="elementor-widget-container">
			<style>/*! elementor - v3.18.0 - 20-12-2023 */
.elementor-widget-video .elementor-widget-container{overflow:hidden;transform:translateZ(0)}.elementor-widget-video .elementor-wrapper{aspect-ratio:var(--video-aspect-ratio)}.elementor-widget-video .elementor-wrapper iframe,.elementor-widget-video .elementor-wrapper video{height:100%;width:100%;display:flex;border:none;background-color:#000}@supports not (aspect-ratio:1/1){.elementor-widget-video .elementor-wrapper{position:relative;overflow:hidden;height:0;padding-bottom:calc(100% / var(--video-aspect-ratio))}.elementor-widget-video .elementor-wrapper iframe,.elementor-widget-video .elementor-wrapper video{position:absolute;top:0;right:0;bottom:0;left:0}}.elementor-widget-video .elementor-open-inline .elementor-custom-embed-image-overlay{position:absolute;top:0;right:0;bottom:0;left:0;background-size:cover;background-position:50%}.elementor-widget-video .elementor-custom-embed-image-overlay{cursor:pointer;text-align:center}.elementor-widget-video .elementor-custom-embed-image-overlay:hover .elementor-custom-embed-play i{opacity:1}.elementor-widget-video .elementor-custom-embed-image-overlay img{display:block;width:100%;aspect-ratio:var(--video-aspect-ratio);-o-object-fit:cover;object-fit:cover;-o-object-position:center center;object-position:center center}@supports not (aspect-ratio:1/1){.elementor-widget-video .elementor-custom-embed-image-overlay{position:relative;overflow:hidden;height:0;padding-bottom:calc(100% / var(--video-aspect-ratio))}.elementor-widget-video .elementor-custom-embed-image-overlay img{position:absolute;top:0;right:0;bottom:0;left:0}}.elementor-widget-video .e-hosted-video .elementor-video{-o-object-fit:cover;object-fit:cover}.e-con-inner>.elementor-widget-video,.e-con>.elementor-widget-video{width:var(--container-widget-width);--flex-grow:var(--container-widget-flex-grow)}</style>		<div class="elementor-wrapper elementor-open-inline">
			<div class="elementor-video"></div>		</div>
				</div>
				</div>
				<div class="elementor-element elementor-element-2624ea4 elementor-widget elementor-widget-text-editor" data-id="2624ea4" data-element_type="widget" data-widget_type="text-editor.default">
				<div class="elementor-widget-container">
							<p>Do najcenniejszych obiektów zabytkowych znajdujących się dzisiaj w Żelazkowie bez wątpienia należy zespół dworski wzniesiony w 2 połowie XVIII w. dla ówczesnych właścicieli wsi – Radolińskich. Składał się on z pięciu zasadniczych części: dworu z dziedzińcem, parku, dwóch podwórzy gospodarczych z budynkami folwarcznymi oraz kolonii mieszkalnej. </p><p>Dwór powstał w 2 połowie XVIII w., w latach 1796-1798 został częściowo przebudowany według projektów opracowanych przez znanego architekta warszawskiego, Fryderyka Alberta Lessela. Całość założenia cechuje się symetryczną organizacją z osią przechodzącą przez park, dwór i bramę wjazdową. Dwór zwrócony na wschód fasadą frontową jest budynkiem parterowym z piętrem w mansardzie. Zbudowano go na planie prostokąta i zaopatrzono w czterokolumnowe ganki umieszczone na osi obu fasad. Na piętrze, nad gankami, znajdują się klasycystyczne wystawki z trójkątnym frontonem w szczycie – frontowa z trzema oknami i balkonem, a ogrodowa z pojedynczym oknem balkonowym w płytkiej niszy. Dach mansardowy kryty dachówką. W latach 1974-1979 przeprowadzono gruntowny jego remont. Obecnie mieści się w nim siedziba urzędu gminy. Rozplanowanie wnętrza dworu także odznaczało się symetrią. Na parterze, na osi, znajdowały się: sień i salon otwarty na ogród, zaś po bokach umieszczone były pokoje w układzie trzytraktowym. W narożniku północno-wschodnim znajdowała się niegdyś kaplica dworska ze ścianami wyłożonymi marmoryzowaną, stiukową okładziną, zwieńczoną klasycystycznym gzymsem. Narożnik południowo-wschodni mieścił skarbczyk i sklepiony był kolebkowo z lunetami. Na piętrze, od strony ogrodu, także na osi budynku, zlokalizowano reprezentacyjną salę z owalną niszą ujętą parami jońskich kolumn, a w ścianie wschodniej umieszczono – w niszy – herb Radolińskich &#8211; “Leszczyc”. </p><p>źródło: <a href="http://www.parki.org.pl/parki-dworskie-i-przypalacowe/krajobrazowy-park-dworski-w-zelazkowie">http://www.parki.org.pl/parki-dworskie-i-przypalacowe/krajobrazowy-park-dworski-w-zelazkowie</a></p><p> </p>						</div>
				</div>
				<div class="elementor-element elementor-element-0b035fa elementor-widget elementor-widget-heading" data-id="0b035fa" data-element_type="widget" data-widget_type="heading.default">
				<div class="elementor-widget-container">
			<style>/*! elementor - v3.18.0 - 20-12-2023 */
.elementor-heading-title{padding:0;margin:0;line-height:1}.elementor-widget-heading .elementor-heading-title[class*=elementor-size-]>a{color:inherit;font-size:inherit;line-height:inherit}.elementor-widget-heading .elementor-heading-title.elementor-size-small{font-size:15px}.elementor-widget-heading .elementor-heading-title.elementor-size-medium{font-size:19px}.elementor-widget-heading .elementor-heading-title.elementor-size-large{font-size:29px}.elementor-widget-heading .elementor-heading-title.elementor-size-xl{font-size:39px}.elementor-widget-heading .elementor-heading-title.elementor-size-xxl{font-size:59px}</style><h2 class="elementor-heading-title elementor-size-default">Turystyka</h2>		</div>
				</div>
				<div class="elementor-element elementor-element-13bb009 elementor-widget elementor-widget-text-editor" data-id="13bb009" data-element_type="widget" data-widget_type="text-editor.default">
				<div class="elementor-widget-container">
							<p>Przez obszar gminy przbiegają szlaki turystyczne:</p><p>&#8211; Szlak żółty o długości 8,8 km biegnie z Winiar przez Rożdżały do Pólka</p><p>&#8211; Bursztynowy Szlak Rowerowy (tablica informacyjna w Russowie przy drodze powiatowej nr 4595P)</p><p>&#8211; Szlakiem Dębów i Paproci – szlak czerwony północny (85 km)</p><p>Liczne obiekty zabytkowe położone na terenie gminy oraz dworek Marii Dąbrowskiej w Russowie, który jest licznie odwiedzany przez turystów przyjezdnych (około 10 000 osób rocznie).</p><p>Na terenie gminy mieści się łącznie 5 parków wpisanych do Państwowego Rejestru Zabytków (Dębe, Russów, Zborów) oraz Ewidencji Wojewódzkiego Konserwatora Zabytków (Biernatki, Borków Stary, Kolonia Kokanin, Złotniki Małe i Wielkie, Żelazków), a także parki o charakterze parków wiejskich we wsiach Janków i Skarszew. Większe kompleksy leśne przydatne dla turystyki i rekreacji są położone w miejscowościach Złotniki Wielkie, Florentyna i Skarszew.</p><p>Przez teren gminy rozciąga się obszar krajobrazu chronionego &#8220;Doliny Rzeki Swędrni&#8221;. Jest to wyjątkowo cenny obiekt o znaczeniu nie tylko przyrodniczym ale także turystycznym. Dolina, która powstała w okresie zlodowacenia środkowo-polskiego, prezentuje unikatowe w skali kraju walory naturalnego krajobrazu. Występuje tu 714 gatunków roślin w tym 19 chronionych oraz liczne stanowiska ptaków.</p><p> </p>						</div>
				</div>
				<div class="elementor-element elementor-element-061467d elementor-widget elementor-widget-text-editor" data-id="061467d" data-element_type="widget" data-widget_type="text-editor.default">
				<div class="elementor-widget-container">
													</div>
				</div>
					</div>
		</div>
							</div>
		</section>
							</div>

<p>Atrakcje turystyczne Gminy Żelazków &#8211; zabytkowy budynek Urzędu Gminy &nbsp;https://youtu.be/npOS0ml0_mw Do najcenniejszych obiektów zabytkowych znajdujących się dzisiaj w Żelazkowie bez wątpienia należy zespół dworski wzniesiony w 2 połowie XVIII w. dla ówczesnych właścicieli wsi – Radolińskich. Składał się on z pięciu zasadniczych części: dworu z dziedzińcem, parku, dwóch podwórzy gospodarczych z budynkami folwarcznymi oraz kolonii [&hellip;]</p>
