{"id":10253,"date":"2025-08-14T07:25:54","date_gmt":"2025-08-14T07:25:54","guid":{"rendered":"https:\/\/www.zelazkow.pl\/?page_id=10253"},"modified":"2026-03-26T12:09:18","modified_gmt":"2026-03-26T12:09:18","slug":"miejscowy-plan-zagospodarowania-przestrzennego","status":"publish","type":"page","link":"https:\/\/www.zelazkow.pl\/?page_id=10253","title":{"rendered":"Miejscowy Plan Zagospodarowania Przestrzennego"},"content":{"rendered":"<h4>Miejscowy Plan Zagospodarowania Przestrzennego<\/h4>\n<ul>\n<li><strong>\u00a0 \u00a0 \u00a0 \u00a0 \u00a0 \u00a0Rok <\/strong><strong>2026<\/strong><\/li>\n<\/ul>\n<p><a href=\"https:\/\/www.bip.zelazkow.pl\/?c=mdTresc-cmPokazTresc-586-6766\" target=\"_blank\" rel=\"noopener\">&#8211; MPZP dla fragmentu miejscowo\u015bci Kokanin, gm. \u017belazk\u00f3w<\/a><\/p>\n<p>&nbsp;<\/p>\n<ul>\n<li><strong>\u00a0 \u00a0 \u00a0 \u00a0 \u00a0 \u00a0Rok 202<\/strong><strong>5 \/ 2026<\/strong><\/li>\n<\/ul>\n<p>&#8211;\u00a0\u00a0<a href=\"https:\/\/www.bip.zelazkow.pl\/?c=mdTresc-cmPokazTresc-586-6763\" target=\"_blank\" rel=\"noopener\">MPZP dla dzia\u0142ki nr 268\/27, obr\u0119b Kokanin, gm. \u017belazk\u00f3w<\/a><br \/>\n&#8211;<a href=\"https:\/\/www.bip.zelazkow.pl\/?c=mdTresc-cmPokazTresc-586-6665\"> Projekt miejscowego planu zagospodarowania przestrzennego dla dzia\u0142ki nr 268\/27, obr\u0119b Kokanin, gm. \u017belazk\u00f3w wraz z prognoz\u0105 oddzia\u0142ywania na \u015brodowisko<\/a><br \/>\n&#8211; <a href=\"https:\/\/www.bip.zelazkow.pl\/?c=mdTresc-cmPokazTresc-586-6763\" target=\"_blank\" rel=\"noopener\">Konsultacje spo\u0142eczne &#8211; MPZP dla dzia\u0142ki nr 268\/27, obr\u0119b Kokanin, gm. \u017belazk\u00f3w<\/a><\/p>\n<p>&nbsp;<\/p>\n<p>&#8211;\u00a0\u00a0<a href=\"https:\/\/www.bip.zelazkow.pl\/?c=mdTresc-cmPokazTresc-586-6549\" target=\"_blank\" rel=\"noopener\">MPZP dla dzia\u0142ek nr 61\/1 i 61\/2, obr\u0119b P\u00f3lko, gm. \u017belazk\u00f3w<\/a><br \/>\n<a href=\"https:\/\/www.bip.zelazkow.pl\/?c=mdTresc-cmPokazTresc-586-6666\">&#8211;\u00a0\u00a0Projekt miejscowego planu zagospodarowania przestrzennego dla dzia\u0142ki nr 61\/1 i 61\/2, obr\u0119b P\u00f3lko, gm. \u017belazk\u00f3w wraz z prognoz\u0105 oddzia\u0142ywania na \u015brodowisko<\/a><br \/>\n&#8211; <a href=\"https:\/\/www.bip.zelazkow.pl\/?c=mdTresc-cmPokazTresc-586-6764\" target=\"_blank\" rel=\"noopener\">Konsultacje spo\u0142eczne &#8211; MPZP dla dzia\u0142ek nr 61\/1 i 61\/2, obr\u0119b P\u00f3lko, gm. \u017belazk\u00f3w<\/a><\/p>\n","protected":false},"excerpt":{"rendered":"<p>Miejscowy Plan Zagospodarowania Przestrzennego \u00a0 \u00a0 \u00a0 \u00a0 \u00a0 \u00a0Rok 2026 &#8211; MPZP dla fragmentu miejscowo\u015bci Kokanin, gm. \u017belazk\u00f3w &nbsp; \u00a0 \u00a0 \u00a0 \u00a0 \u00a0 \u00a0Rok 2025 \/ 2026 &#8211;\u00a0\u00a0MPZP dla dzia\u0142ki nr 268\/27, obr\u0119b Kokanin, gm. \u017belazk\u00f3w &#8211; Projekt miejscowego planu zagospodarowania przestrzennego dla dzia\u0142ki nr 268\/27, obr\u0119b Kokanin, gm. \u017belazk\u00f3w wraz z prognoz\u0105 [&hellip;]<\/p>\n","protected":false},"author":6,"featured_media":0,"parent":0,"menu_order":0,"comment_status":"closed","ping_status":"closed","template":"","meta":{"footnotes":""},"folder":[],"_links":{"self":[{"href":"https:\/\/www.zelazkow.pl\/index.php?rest_route=\/wp\/v2\/pages\/10253"}],"collection":[{"href":"https:\/\/www.zelazkow.pl\/index.php?rest_route=\/wp\/v2\/pages"}],"about":[{"href":"https:\/\/www.zelazkow.pl\/index.php?rest_route=\/wp\/v2\/types\/page"}],"author":[{"embeddable":true,"href":"https:\/\/www.zelazkow.pl\/index.php?rest_route=\/wp\/v2\/users\/6"}],"replies":[{"embeddable":true,"href":"https:\/\/www.zelazkow.pl\/index.php?rest_route=%2Fwp%2Fv2%2Fcomments&post=10253"}],"version-history":[{"count":22,"href":"https:\/\/www.zelazkow.pl\/index.php?rest_route=\/wp\/v2\/pages\/10253\/revisions"}],"predecessor-version":[{"id":11291,"href":"https:\/\/www.zelazkow.pl\/index.php?rest_route=\/wp\/v2\/pages\/10253\/revisions\/11291"}],"wp:attachment":[{"href":"https:\/\/www.zelazkow.pl\/index.php?rest_route=%2Fwp%2Fv2%2Fmedia&parent=10253"}],"wp:term":[{"taxonomy":"folder","embeddable":true,"href":"https:\/\/www.zelazkow.pl\/index.php?rest_route=%2Fwp%2Fv2%2Ffolder&post=10253"}],"curies":[{"name":"wp","href":"https:\/\/api.w.org\/{rel}","templated":true}]}}